 a composite number?
False
Is 271118 a prime number?
False
Is 193773 composite?
True
Is 38483 a prime number?
False
Is 52769 a composite number?
False
Is 312197 composite?
False
Is 98837 a composite number?
False
Is 479931 composite?
True
Is 90581 prime?
False
Is 829399 prime?
True
Is 85641 composite?
True
Is 126541 a prime number?
True
Is 28789 prime?
True
Is 166321 prime?
False
Is 47555 prime?
False
Is 143131 a prime number?
False
Is 79583 a prime number?
False
Is 204069 composite?
True
Is 4831 prime?
True
Is 23227 a composite number?
False
Is 54647 a composite number?
False
Is 1821 composite?
True
Is 386429 a composite number?
False
Is 21313 prime?
True
Is 126623 composite?
True
Is 438281 a composite number?
False
Is 39607 composite?
False
Is 81157 a prime number?
True
Is 24617 a prime number?
False
Is 1250303 prime?
False
Is 3557 a prime number?
True
Is 8147 a prime number?
True
Is 1120489 a composite number?
True
Is 60757 a prime number?
True
Is 52199 prime?
False
Is 358178 a composite number?
True
Is 8803 a prime number?
True
Is 3877 a composite number?
False
Is 7355 a composite number?
True
Is 440651 prime?
True
Is 37487 a composite number?
True
Is 153593 a prime number?
False
Is 160447 composite?
True
Is 17021 prime?
True
Is 9637 a composite number?
True
Is 231577 prime?
False
Is 1931 composite?
False
Is 10799 prime?
True
Is 29303 prime?
True
Is 99193 prime?
False
Is 9023 a composite number?
True
Is 889 a composite number?
True
Is 48803 composite?
True
Is 100315 a composite number?
True
Is 115201 prime?
True
Is 181627 a composite number?
True
Is 172849 prime?
True
Is 5055493 prime?
True
Is 41918 a prime number?
False
Is 3765737 a composite number?
True
Is 350111 a prime number?
True
Is 36833 a composite number?
False
Is 258131 a prime number?
True
Is 692749 prime?
False
Is 31357 a prime number?
True
Is 217 composite?
True
Is 2748657 a prime number?
False
Is 13945 a prime number?
False
Is 653 a composite number?
False
Is 38039 a prime number?
True
Is 118883 composite?
True
Is 75377 a composite number?
False
Is 50989 a composite number?
False
Is 39723 composite?
True
Is 48835 prime?
False
Is 39523 prime?
False
Is 5437 composite?
False
Is 4699 a composite number?
True
Is 86197 a composite number?
False
Is 743 prime?
True
Is 1252543 prime?
False
Is 1157089 a prime number?
False
Is 12449 a composite number?
True
Is 14867 a composite number?
False
Is 126213 composite?
True
Is 568349 a prime number?
True
Is 1174 a composite number?
True
Is 73171 a prime number?
False
Is 294301 prime?
False
Is 3359 composite?
False
Is 7233 a composite number?
True
Is 2899 a composite number?
True
Is 20914 a prime number?
False
Is 37063 prime?
False
Is 9127 a composite number?
False
Is 22982 a prime number?
False
Is 160529 a composite number?
True
Is 1699571 composite?
False
Is 82913 a prime number?
True
Is 135589 a prime number?
True
Is 199123 a prime number?
False
Is 238861 prime?
False
Is 52349 a composite number?
True
Is 2777 prime?
True
Is 1311097 a prime number?
True
Is 553 a composite number?
True
Is 13963 composite?
False
Is 3747 a prime number?
False
Is 287069 a composite number?
True
Is 2455 prime?
False
Is 5906 a prime number?
False
Is 312821 a composite number?
True
Is 2819 a prime number?
True
Is 216877 a composite number?
False
Is 193433 a prime number?
True
Is 1584571 prime?
True
Is 397603 a prime number?
False
Is 36145 a composite number?
True
Is 1133477 prime?
True
Is 16547 a prime number?
True
Is 1385255 prime?
False
Is 47473 a composite number?
True
Is 150935 prime?
False
Is 17783 a composite number?
False
Is 560926 composite?
True
Is 78041 a composite number?
False
Is 2819 a composite number?
False
Is 7817 a composite number?
False
Is 448087 a prime number?
False
Is 32059 a prime number?
True
Is 38639 composite?
False
Is 155 a composite number?
True
Is 91757 prime?
True
Is 172963 a composite number?
True
Is 1657 composite?
False
Is 393257 composite?
False
Is 11667 a composite number?
True
Is 11351 a composite number?
False
Is 3943 a composite number?
False
Is 619967 prime?
True
Is 467 a prime number?
True
Is 857243 composite?
True
Is 30403 composite?
False
Is 1811 composite?
False
Is 9337 prime?
True
Is 1041823 a composite number?
False
Is 7151 prime?
True
Is 74549 composite?
True
Is 21211 a prime number?
True
Is 284323 composite?
True
Is 39563 composite?
False
Is 206803 a prime number?
True
Is 62735 a prime number?
False
Is 106207 a prime number?
True
Is 68583 composite?
True
Is 42899 a prime number?
True
Is 3209 prime?
True
Is 1285 a prime number?
False
Is 2129 a prime number?
True
Is 133251 prime?
False
Is 692437 prime?
False
Is 5261 composite?
False
Is 7753 a composite number?
False
Is 416777 prime?
False
Is 629339 prime?
True
Is 303269 composite?
True
Is 32989 prime?
False
Is 32831 a composite number?
False
Is 38405 a prime number?
False
Is 163067 prime?
False
Is 549847 composite?
True
Is 70757 prime?
False
Is 153619 a prime number?
False
Is 24749 prime?
True
Is 73709 a prime number?
True
Is 2051 prime?
False
Is 54181 prime?
True
Is 7355 a composite number?
True
Is 490591 a prime number?
True
Is 43133 a composite number?
False
Is 20599 a composite number?
False
Is 787 a composite number?
False
Is 967 composite?
False
Is 11071 composite?
False
Is 12219 a prime number?
False
Is 18973 a composite number?
False
Is 85991 a composite number?
False
Is 4559 prime?
False
Is 664889 a composite number?
True
Is 75079 a prime number?
True
Is 1243 a composite number?
True
Is 28963 a composite number?
True
Is 183871 a composite number?
False
Is 181739 a composite number?
False
Is 5387 a prime number?
True
Is 25261 composite?
False
Is 793469 composite?
True
Is 1464079 a prime number?
True
Is 82457 a prime number?
True
Is 220445 prime?
False
Is 1269263 prime?
True
Is 23789 a composite number?
False
Is 17455 prime?
False
Is 3561 prime?
False
Is 1409 composite?
False
Is 1397897 composite?
True
Is 121721 composite?
False
Is 6719 a composite number?
False
Is 1975697 a prime number?
False
Is 81245 composite?
True
Is 48955 composite?
True
Is 2866 a prime number?
False
Is 573 a composite number?
True
Is 6839 a composite number?
True
Is 28533 composite?
True
Is 5713 a composite number?
True
Is 43097 prime?
False
Is 240197 prime?
True
Is 53855 composite?
True
Is 2411 a composite number?
False
Is 1611809 prime?
True
Is 3491 composite?
False
Is 44539 a composite number?
True
Is 148679 a composite number?
True
Is 611 a composite number?
True
Is 6823 composite?
False
Is 530323 composite?
True
Is 11249 a prime number?
False
Is 3386 composite?
True
Is 5435 prime?
False
Is 109149 a prime number?
False
Is 902859 prime?
False
Is 14486 composite?
True
Is 3593 prime?
True
Is 11015 a prime number?
False
Is 445 a prime number?
False
Is 24737 prime?
False
Is 29395 a composite number?
True
Is 58573 a composite number?
False
Is 331 a composite number?
False
Is 74491 prime?
False
Is 1056943 composite?
True
Is 7789 composite?
False
Is 6743 a prime number?
False
Is 62547 a composite number?
True
Is 16253 composite?
False
Is 46459 composite?
True
Is 6863 prime?
True
Is 134455 a prime number?
False
Is 41221 composite?
False
Is 79583 a prime number?
False
Is 572387 a composite number?
False
Is 2862803 prime?
True
Is 669 a prime number?
False
Is 11243 a composite number?
False
Is 351707 composite?
False
Is 106709 a composite number?
True
Is 30293 a composite number?
False
Is 109031 a prime number?
False
Is 196187 composite?
False
Is 3415 prime?
False
Is 302551 a composite number?
False
Is 616129 composite?
False
Is 136237 composite?
False
Is 7251 a composite number?
True
Is 13333 a composite number?
True
Is 59191 a composite number?
True
Is 853001 a composite number?
True
Is 477439 prime?
True
Is 630247 a composite number?
False
Is 56609 prime?
False
Is 85209 a composite number?
True
Is 30729 a composite number?
True
Is 566534 a prime number?
False
Is 152769 a composite number?
True
Is 141617 a prime number?
False
Is 19559 prime?
True
Is 20699 a prime number?
False
Is 271 a prime number?
True
Is 50033 a prime number?
True
Is 123537 prime?
False
Is 18157 a prime number?
False
Is 54357 composite?
True
Is 17551 composite?
False
Is 28267 composite?
True
Is 9619 a prime number?
True
I